me factors of 27465?
3, 5, 1831
What are the prime factors of 2986?
2, 1493
What are the prime factors of 5489?
11, 499
What are the prime factors of 1111?
11, 101
What are the prime factors of 7472?
2, 467
What are the prime factors of 95238?
2, 3, 11, 13, 37
What are the prime factors of 2268?
2, 3, 7
What are the prime factors of 3633?
3, 7, 173
List the prime factors of 39212.
2, 9803
List the prime factors of 7124.
2, 13, 137
What are the prime factors of 2608?
2, 163
List the prime factors of 98256.
2, 3, 23, 89
What are the prime factors of 2314?
2, 13, 89
List the prime factors of 26220.
2, 3, 5, 19, 23
What are the prime factors of 31157?
7, 4451
What are the prime factors of 1929?
3, 643
What are the prime factors of 13?
13
List the prime factors of 1037.
17, 61
List the prime factors of 7221.
3, 29, 83
List the prime factors of 3263.
13, 251
List the prime factors of 95801.
95801
What are the prime factors of 3573?
3, 397
List the prime factors of 1879.
1879
What are the prime factors of 12959?
12959
List the prime factors of 9980.
2, 5, 499
List the prime factors of 11925.
3, 5, 53
List the prime factors of 158092.
2, 11, 3593
What are the prime factors of 576?
2, 3
List the prime factors of 3184.
2, 199
What are the prime factors of 529?
23
List the prime factors of 14401.
14401
List the prime factors of 1404.
2, 3, 13
What are the prime factors of 9362?
2, 31, 151
List the prime factors of 2688.
2, 3, 7
List the prime factors of 36.
2, 3
List the prime factors of 2814.
2, 3, 7, 67
What are the prime factors of 52857?
3, 7, 839
What are the prime factors of 857?
857
List the prime factors of 2884.
2, 7, 103
What are the prime factors of 14558?
2, 29, 251
List the prime factors of 214.
2, 107
List the prime factors of 8053.
8053
List the prime factors of 3503.
31, 113
What are the prime factors of 1263?
3, 421
What are the prime factors of 17179?
41, 419
What are the prime factors of 11413?
101, 113
What are the prime factors of 240?
2, 3, 5
List the prime factors of 19850.
2, 5, 397
List the prime factors of 1006.
2, 503
What are the prime factors of 4256?
2, 7, 19
What are the prime factors of 43911?
3, 7, 17, 41
List the prime factors of 4101.
3, 1367
What are the prime factors of 17590?
2, 5, 1759
What are the prime factors of 11866?
2, 17, 349
List the prime factors of 1220.
2, 5, 61
List the prime factors of 17452.
2, 4363
What are the prime factors of 22481?
22481
What are the prime factors of 5325?
3, 5, 71
List the prime factors of 905.
5, 181
List the prime factors of 481.
13, 37
What are the prime factors of 37893?
3, 17, 743
What are the prime factors of 1128?
2, 3, 47
What are the prime factors of 28325?
5, 11, 103
What are the prime factors of 35989?
17, 29, 73
List the prime factors of 204.
2, 3, 17
List the prime factors of 938.
2, 7, 67
List the prime factors of 86107.
7, 12301
List the prime factors of 69176.
2, 8647
What are the prime factors of 10301?
10301
What are the prime factors of 481?
13, 37
What are the prime factors of 3498?
2, 3, 11, 53
List the prime factors of 33294.
2, 3, 31, 179
What are the prime factors of 10284?
2, 3, 857
List the prime factors of 17762.
2, 83, 107
What are the prime factors of 510?
2, 3, 5, 17
What are the prime factors of 40232?
2, 47, 107
What are the prime factors of 2865?
3, 5, 191
List the prime factors of 51568.
2, 11, 293
What are the prime factors of 6544?
2, 409
What are the prime factors of 658?
2, 7, 47
List the prime factors of 83207.
83207
List the prime factors of 16803.
3, 1867
What are the prime factors of 3013?
23, 131
List the prime factors of 353.
353
List the prime factors of 31071.
3, 10357
List the prime factors of 23254.
2, 7, 11, 151
List the prime factors of 3636.
2, 3, 101
What are the prime factors of 6814?
2, 3407
List the prime factors of 8175.
3, 5, 109
What are the prime factors of 160?
2, 5
What are the prime factors of 91544?
2, 11443
List the prime factors of 30269.
30269
List the prime factors of 2243.
2243
List the prime factors of 9391.
9391
List the prime factors of 1488.
2, 3, 31
List the prime factors of 16233.
3, 7, 773
What are the prime factors of 4538?
2, 2269
What are the prime factors of 7324?
2, 1831
What are the prime factors of 80?
2, 5
List the prime factors of 1146.
2, 3, 191
List the prime factors of 31223.
31223
What are the prime factors of 21692?
2, 11, 17, 29
What are the prime factors of 9308?
2, 13, 179
What are the prime factors of 234?
2, 3, 13
What are the prime factors of 3965?
5, 13, 61
List the prime factors of 23880.
2, 3, 5, 199
What are the prime factors of 6059?
73, 83
List the prime factors of 1584.
2, 3, 11
List the prime factors of 917.
7, 131
What are the prime factors of 705?
3, 5, 47
What are the prime factors of 920?
2, 5, 23
List the prime factors of 674.
2, 337
List the prime factors of 103.
103
List the prime factors of 18051.
3, 11, 547
What are the prime factors of 834?
2, 3, 139
What are the prime factors of 3?
3
List the prime factors of 6728.
2, 29
List the prime factors of 16834.
2, 19, 443
List the prime factors of 1412.
2, 353
List the prime factors of 4333.
7, 619
What are the prime factors of 8318?
2, 4159
List the prime factors of 3641.
11, 331
What are the prime factors of 2262?
2, 3, 13, 29
What are the prime factors of 5555?
5, 11, 101
List the prime factors of 4620.
2, 3, 5, 7, 11
What are the prime factors of 963?
3, 107
List the prime factors of 30.
2, 3, 5
List the prime factors of 685.
5, 137
List the prime factors of 392.
2, 7
List the prime factors of 42223.
42223
What are the prime factors of 1668?
2, 3, 139
List the prime factors of 1393.
7, 199
List the prime factors of 32030.
2, 5, 3203
What are the prime factors of 80845?
5, 19, 23, 37
What are the prime factors of 52782?
2, 3, 19, 463
List the prime factors of 95896.
2, 11987
What are the prime factors of 3826?
2, 1913
What are the prime factors of 8086?
2, 13, 311
List the prime factors of 1504.
2, 47
What are the prime factors of 635?
5, 127
List the prime factors of 1349.
19, 71
What are the prime factors of 930?
2, 3, 5, 31
What are the prime factors of 845?
5, 13
What are the prime factors of 151254?
2, 3, 2801
List the prime factors of 67.
67
What are the prime factors of 64991?
17, 3823
What are the prime factors of 2903?
2903
List the prime factors of 2021.
43, 47
What are the prime factors of 4395?
3, 5, 293
What are the prime factors of 41792?
2, 653
List the prime factors of 1631.
7, 233
What are the prime factors of 31477?
31477
List the prime factors of 2011.
2011
List the prime factors of 85218.
2, 3, 7, 2029
What are the prime factors of 3172?
2, 13, 61
List the prime factors of 14623.
7, 2089
List the prime factors of 3866.
2, 1933
List the prime factors of 4045.
5, 809
What are the prime factors of 735?
3, 5, 7
What are the prime factors of 6242?
2, 3121
List the prime factors of 1117.
1117
List the prime factors of 55545.
3, 5, 7, 23
List the prime factors of 8665.
5, 1733
List the prime factors of 901.
17, 53
What are the prime factors of 7111?
13, 547
List the prime factors of 11086.
2, 23, 241
List the prime factors of 1226.
2, 613
List the prime factors of 48842.
2, 24421
List the prime factors of 3076.
2, 769
List the prime factors of 2538.
2, 3, 47
What are the prime factors of 464?
2, 29
What are the prime factors of 14110?
2, 5, 17, 83
What are the prime factors of 383?
383
What are the prime factors of 2620?
2, 5, 131
List the prime factors of 13474.
2, 6737
What are the prime factors of 18392?
2, 11, 19
List the prime factors of 13618.
2, 11, 619
What are the prime factors of 144043?
29, 4967
List the prime factors of 1641.
3, 547
List the prime factors of 29457.
3, 1091
List the prime factors of 5190.
2, 3, 5, 173
What are the prime factors of 142?
2, 71
What are the prime factors of 2021?
43, 47
What are the prime factors of 10620?
2, 3, 5, 59
What are the prime factors of 20780?
2, 5, 1039
What are the prime factors of 1059?
3, 353
What are the prime factors of 4611?
3, 29, 53
List the prime factors of 137.
137
List the prime factors of 4338.
2, 3, 241
What are the prime factors of 15771?
3, 7, 751
What are the prime factors of 12896?
2, 13, 31
What are the prime factors of 1400?
2, 5, 7
W